{"id":203,"date":"2019-02-24T20:15:17","date_gmt":"2019-02-24T17:15:17","guid":{"rendered":"http:\/\/merdivenfilesi.com\/?page_id=203"},"modified":"2021-03-03T18:43:19","modified_gmt":"2021-03-03T15:43:19","slug":"havuz-koruma","status":"publish","type":"page","link":"https:\/\/merdivenfilesi.com\/index.php\/havuz-koruma\/","title":{"rendered":"Havuz Koruma"},"content":{"rendered":"\n<h3>Havuzlar kullan\u0131lmad\u0131\u011f\u0131 durumlarda suya d\u00fc\u015fme tehlikesini ortadan kald\u0131ran \u00fcst d\u00fczey bir g\u00fcvenlik file \u00e7e\u015fididir.<\/h3>\n\n\n<div class=\"pgc-sgb-cb wp-block-pgcsimplygalleryblock-masonry\" data-gallery-id=\"1929bf90_1601574281702\">\n\t\t<script type=\"application\/json\" class=\"sgb-data\">{\"copyRProtection\":true,\"copyRAlert\":\"Hello, this photo is mine!\",\"sliderScrollNavi\":false,\"sliderNextPrevAnimation\":\"animation\",\"galleryScrollPositionControll\":false,\"sliderVideoAutoPlay\":false,\"sliderItemCounterEnable\":true,\"sliderCaptionSrc\":\"caption\",\"sliderItemTitleEnable\":false,\"sliderItemTitleFontSize\":18,\"sliderItemTitleTextColor\":\"rgba(255,255,255,1)\",\"itemCounterColor\":\"rgba(255,255,255,1)\",\"sliderThumbBarEnable\":true,\"sliderThumbBarHoverColor\":\"rgba(240,240,240,1)\",\"sliderBgColor\":\"rgba(0,0,0,0.8)\",\"sliderPreloaderColor\":\"rgba(240,240,240,1)\",\"sliderHeaderFooterBgColor\":\"rgba(0,0,0,0.4)\",\"sliderNavigationColor\":\"rgba(0,0,0,1)\",\"sliderNavigationColorOver\":\"rgba(255,255,255,1)\",\"sliderNavigationIconColor\":\"rgba(255,255,255,1)\",\"sliderNavigationIconColorOver\":\"rgba(0,0,0,1)\",\"sliderSlideshow\":true,\"sliderSlideshowDelay\":8,\"slideshowIndicatorColor\":\"rgba(255,255,255,1)\",\"slideshowIndicatorColorBg\":\"rgba(255,255,255,0.5)\",\"sliderThumbSubMenuBackgroundColor\":\"rgba(255,255,255,0)\",\"sliderThumbSubMenuBackgroundColorOver\":\"rgba(255,255,255,1)\",\"sliderThumbSubMenuIconColor\":\"rgba(255,255,255,1)\",\"sliderThumbSubMenuIconHoverColor\":\"rgba(0,0,0,1)\",\"sliderSocialShareEnabled\":true,\"sliderZoomEnable\":true,\"sliderFullscreenEnabled\":true,\"modaBgColor\":\"rgba(0,0,0,0.8)\",\"modalIconColor\":\"rgba(255,255,255,1)\",\"modalIconColorHover\":\"rgba(255,255,255,0.8)\",\"shareFacebook\":true,\"shareTwitter\":true,\"sharePinterest\":true,\"sliderItemDownload\":true,\"shareCopyLink\":true,\"tagsFilter\":false,\"tagCloudAll\":\"All\",\"tagCloudBgColor\":\"rgba(153,153,153,1)\",\"tagCloudBgColorOver\":\"rgba(253,253,253,1)\",\"tagCloudTextColor\":\"rgba(253,253,253,1)\",\"tagCloudTextColorOver\":\"rgba(153,153,153,1)\",\"tagCloudFontSize\":16,\"deepLinking\":false,\"useLightbox\":true,\"numItemsDisplayed\":0,\"lazyLoading\":true,\"contentNoPadding\":false,\"galleryPreloaderColor\":\"rgba(230,230,230,1)\",\"galleryBgColor\":\"rgba(0,0,0,0)\",\"galleryBorderRadius\":0,\"customCSS\":\"\",\"collectionColumns\":3,\"collectionThumbRecomendedWidth\":200,\"thumbSpacing\":5,\"externalLink\":true,\"externalLinkDefName\":\"Read More\",\"externalLinkTextColor\":\"rgba(0,0,0,1)\",\"externalLinkBgColor\":\"rgba(255,255,255,1)\",\"externalLinkFontSize\":18,\"captions\":true,\"captionSrc\":\"caption\",\"captionHAlign\":\"top\",\"collectionthumbHoverTitleFontSize\":18,\"collectionthumbRoundedCorners\":0,\"collectionthumbHoverTitleTextColor\":\"rgba(255,255,255,1)\",\"collectionthumbHoverTitleTextBgColor\":\"rgba(0,0,0,0.8)\",\"collectionthumbHoverBgColor\":\"rgba(0,0,0,0.4)\",\"collectionThumbSubMenuDownload\":true,\"collectionThumbSubMenuShare\":true,\"collectionThumbSubMenuBgColor\":\"rgba(0,0,0,0.4)\",\"collectionThumbSubMenuBgColorHover\":\"rgba(255,255,255,1)\",\"collectionThumbSubMenuIconColor\":\"rgba(255,255,255,1)\",\"collectionThumbSubMenuIconColorHover\":\"rgba(0,0,0,1)\",\"galleryType\":\"pgc_sgb_masonry\",\"galleryId\":\"1929bf90_1601574281702\",\"images\":[{\"id\":743,\"title\":\"Havuz Koruma Filesi 2\",\"url\":\"http:\\\/\\\/merdivenfilesi.com\\\/wp-content\\\/uploads\\\/2021\\\/03\\\/Havuz-Koruma-Filesi-2.jpg\",\"link\":\"http:\\\/\\\/merdivenfilesi.com\\\/index.php\\\/havuz-koruma\\\/havuz-koruma-filesi-2\\\/\",\"alt\":\"\",\"description\":\"\",\"caption\":\"\",\"mime\":\"image\\\/jpeg\",\"type\":\"image\",\"width\":1600,\"height\":720,\"sizes\":{\"thumbnail\":{\"height\":150,\"width\":150,\"url\":\"http:\\\/\\\/merdivenfilesi.com\\\/wp-content\\\/uploads\\\/2021\\\/03\\\/Havuz-Koruma-Filesi-2-150x150.jpg\",\"orientation\":\"landscape\"},\"medium\":{\"height\":135,\"width\":300,\"url\":\"http:\\\/\\\/merdivenfilesi.com\\\/wp-content\\\/uploads\\\/2021\\\/03\\\/Havuz-Koruma-Filesi-2-300x135.jpg\",\"orientation\":\"landscape\"},\"large\":{\"height\":461,\"width\":1024,\"url\":\"http:\\\/\\\/merdivenfilesi.com\\\/wp-content\\\/uploads\\\/2021\\\/03\\\/Havuz-Koruma-Filesi-2-1024x461.jpg\",\"orientation\":\"landscape\"},\"full\":{\"url\":\"http:\\\/\\\/merdivenfilesi.com\\\/wp-content\\\/uploads\\\/2021\\\/03\\\/Havuz-Koruma-Filesi-2.jpg\",\"height\":720,\"width\":1600,\"orientation\":\"landscape\"}},\"meta\":false},{\"id\":744,\"title\":\"Havuz Koruma Filesi\",\"url\":\"http:\\\/\\\/merdivenfilesi.com\\\/wp-content\\\/uploads\\\/2021\\\/03\\\/Havuz-Koruma-Filesi.jpg\",\"link\":\"http:\\\/\\\/merdivenfilesi.com\\\/index.php\\\/havuz-koruma\\\/havuz-koruma-filesi\\\/\",\"alt\":\"\",\"description\":\"\",\"caption\":\"\",\"mime\":\"image\\\/jpeg\",\"type\":\"image\",\"width\":1078,\"height\":1080,\"sizes\":{\"thumbnail\":{\"height\":150,\"width\":150,\"url\":\"http:\\\/\\\/merdivenfilesi.com\\\/wp-content\\\/uploads\\\/2021\\\/03\\\/Havuz-Koruma-Filesi-150x150.jpg\",\"orientation\":\"landscape\"},\"medium\":{\"height\":300,\"width\":300,\"url\":\"http:\\\/\\\/merdivenfilesi.com\\\/wp-content\\\/uploads\\\/2021\\\/03\\\/Havuz-Koruma-Filesi-300x300.jpg\",\"orientation\":\"landscape\"},\"large\":{\"height\":1024,\"width\":1022,\"url\":\"http:\\\/\\\/merdivenfilesi.com\\\/wp-content\\\/uploads\\\/2021\\\/03\\\/Havuz-Koruma-Filesi-1022x1024.jpg\",\"orientation\":\"portrait\"},\"full\":{\"url\":\"http:\\\/\\\/merdivenfilesi.com\\\/wp-content\\\/uploads\\\/2021\\\/03\\\/Havuz-Koruma-Filesi.jpg\",\"height\":1080,\"width\":1078,\"orientation\":\"portrait\"}},\"meta\":false},{\"id\":717,\"title\":\"Havuz Koruma Filesi 01\",\"url\":\"http:\\\/\\\/merdivenfilesi.com\\\/wp-content\\\/uploads\\\/2020\\\/11\\\/Havuz-Koruma-Filesi-01.jpeg\",\"link\":\"http:\\\/\\\/merdivenfilesi.com\\\/index.php\\\/havuz-koruma\\\/havuz-koruma-filesi-01\\\/\",\"alt\":\"\",\"description\":\"\",\"caption\":\"\",\"mime\":\"image\\\/jpeg\",\"type\":\"image\",\"width\":999,\"height\":750,\"sizes\":{\"thumbnail\":{\"height\":150,\"width\":150,\"url\":\"http:\\\/\\\/merdivenfilesi.com\\\/wp-content\\\/uploads\\\/2020\\\/11\\\/Havuz-Koruma-Filesi-01-150x150.jpeg\",\"orientation\":\"landscape\"},\"medium\":{\"height\":225,\"width\":300,\"url\":\"http:\\\/\\\/merdivenfilesi.com\\\/wp-content\\\/uploads\\\/2020\\\/11\\\/Havuz-Koruma-Filesi-01-300x225.jpeg\",\"orientation\":\"landscape\"},\"full\":{\"url\":\"http:\\\/\\\/merdivenfilesi.com\\\/wp-content\\\/uploads\\\/2020\\\/11\\\/Havuz-Koruma-Filesi-01.jpeg\",\"height\":750,\"width\":999,\"orientation\":\"landscape\"}},\"meta\":false},{\"id\":454,\"title\":\"IMG-20200927-WA0035\",\"url\":\"http:\\\/\\\/merdivenfilesi.com\\\/wp-content\\\/uploads\\\/2020\\\/09\\\/IMG-20200927-WA0035.jpg\",\"link\":\"http:\\\/\\\/merdivenfilesi.com\\\/img-20200927-wa0035\\\/\",\"alt\":\"\",\"description\":\"\",\"caption\":\"\",\"mime\":\"image\\\/jpeg\",\"type\":\"image\",\"width\":1600,\"height\":1200,\"sizes\":{\"thumbnail\":{\"height\":150,\"width\":150,\"url\":\"http:\\\/\\\/merdivenfilesi.com\\\/wp-content\\\/uploads\\\/2020\\\/09\\\/IMG-20200927-WA0035-150x150.jpg\",\"orientation\":\"landscape\"},\"medium\":{\"height\":225,\"width\":300,\"url\":\"http:\\\/\\\/merdivenfilesi.com\\\/wp-content\\\/uploads\\\/2020\\\/09\\\/IMG-20200927-WA0035-300x225.jpg\",\"orientation\":\"landscape\"},\"large\":{\"height\":768,\"width\":1024,\"url\":\"http:\\\/\\\/merdivenfilesi.com\\\/wp-content\\\/uploads\\\/2020\\\/09\\\/IMG-20200927-WA0035-1024x768.jpg\",\"orientation\":\"landscape\"},\"full\":{\"url\":\"http:\\\/\\\/merdivenfilesi.com\\\/wp-content\\\/uploads\\\/2020\\\/09\\\/IMG-20200927-WA0035.jpg\",\"height\":1200,\"width\":1600,\"orientation\":\"landscape\"}},\"meta\":false},{\"id\":455,\"title\":\"IMG-20200927-WA0036\",\"url\":\"http:\\\/\\\/merdivenfilesi.com\\\/wp-content\\\/uploads\\\/2020\\\/09\\\/IMG-20200927-WA0036.jpg\",\"link\":\"http:\\\/\\\/merdivenfilesi.com\\\/img-20200927-wa0036\\\/\",\"alt\":\"\",\"description\":\"\",\"caption\":\"\",\"mime\":\"image\\\/jpeg\",\"type\":\"image\",\"width\":1600,\"height\":1200,\"sizes\":{\"thumbnail\":{\"height\":150,\"width\":150,\"url\":\"http:\\\/\\\/merdivenfilesi.com\\\/wp-content\\\/uploads\\\/2020\\\/09\\\/IMG-20200927-WA0036-150x150.jpg\",\"orientation\":\"landscape\"},\"medium\":{\"height\":225,\"width\":300,\"url\":\"http:\\\/\\\/merdivenfilesi.com\\\/wp-content\\\/uploads\\\/2020\\\/09\\\/IMG-20200927-WA0036-300x225.jpg\",\"orientation\":\"landscape\"},\"large\":{\"height\":768,\"width\":1024,\"url\":\"http:\\\/\\\/merdivenfilesi.com\\\/wp-content\\\/uploads\\\/2020\\\/09\\\/IMG-20200927-WA0036-1024x768.jpg\",\"orientation\":\"landscape\"},\"full\":{\"url\":\"http:\\\/\\\/merdivenfilesi.com\\\/wp-content\\\/uploads\\\/2020\\\/09\\\/IMG-20200927-WA0036.jpg\",\"height\":1200,\"width\":1600,\"orientation\":\"landscape\"}},\"meta\":false},{\"id\":456,\"title\":\"IMG-20200927-WA0037\",\"url\":\"http:\\\/\\\/merdivenfilesi.com\\\/wp-content\\\/uploads\\\/2020\\\/09\\\/IMG-20200927-WA0037.jpg\",\"link\":\"http:\\\/\\\/merdivenfilesi.com\\\/img-20200927-wa0037\\\/\",\"alt\":\"\",\"description\":\"\",\"caption\":\"\",\"mime\":\"image\\\/jpeg\",\"type\":\"image\",\"width\":1600,\"height\":720,\"sizes\":{\"thumbnail\":{\"height\":150,\"width\":150,\"url\":\"http:\\\/\\\/merdivenfilesi.com\\\/wp-content\\\/uploads\\\/2020\\\/09\\\/IMG-20200927-WA0037-150x150.jpg\",\"orientation\":\"landscape\"},\"medium\":{\"height\":135,\"width\":300,\"url\":\"http:\\\/\\\/merdivenfilesi.com\\\/wp-content\\\/uploads\\\/2020\\\/09\\\/IMG-20200927-WA0037-300x135.jpg\",\"orientation\":\"landscape\"},\"large\":{\"height\":461,\"width\":1024,\"url\":\"http:\\\/\\\/merdivenfilesi.com\\\/wp-content\\\/uploads\\\/2020\\\/09\\\/IMG-20200927-WA0037-1024x461.jpg\",\"orientation\":\"landscape\"},\"full\":{\"url\":\"http:\\\/\\\/merdivenfilesi.com\\\/wp-content\\\/uploads\\\/2020\\\/09\\\/IMG-20200927-WA0037.jpg\",\"height\":720,\"width\":1600,\"orientation\":\"landscape\"}},\"meta\":false},{\"id\":243,\"title\":\"IMG-20190217-WA0009\",\"url\":\"http:\\\/\\\/merdivenfilesi.com\\\/wp-content\\\/uploads\\\/2019\\\/02\\\/IMG-20190217-WA0009.jpg\",\"link\":\"http:\\\/\\\/merdivenfilesi.com\\\/img-20190217-wa0009\\\/\",\"alt\":\"\",\"description\":\"\",\"caption\":\"\",\"mime\":\"image\\\/jpeg\",\"type\":\"image\",\"width\":1600,\"height\":1200,\"sizes\":{\"thumbnail\":{\"height\":150,\"width\":150,\"url\":\"http:\\\/\\\/merdivenfilesi.com\\\/wp-content\\\/uploads\\\/2019\\\/02\\\/IMG-20190217-WA0009-150x150.jpg\",\"orientation\":\"landscape\"},\"medium\":{\"height\":225,\"width\":300,\"url\":\"http:\\\/\\\/merdivenfilesi.com\\\/wp-content\\\/uploads\\\/2019\\\/02\\\/IMG-20190217-WA0009-300x225.jpg\",\"orientation\":\"landscape\"},\"large\":{\"height\":768,\"width\":1024,\"url\":\"http:\\\/\\\/merdivenfilesi.com\\\/wp-content\\\/uploads\\\/2019\\\/02\\\/IMG-20190217-WA0009-1024x768.jpg\",\"orientation\":\"landscape\"},\"full\":{\"url\":\"http:\\\/\\\/merdivenfilesi.com\\\/wp-content\\\/uploads\\\/2019\\\/02\\\/IMG-20190217-WA0009.jpg\",\"height\":1200,\"width\":1600,\"orientation\":\"landscape\"}},\"meta\":false},{\"id\":452,\"title\":\"IMG-20200927-WA0033\",\"url\":\"http:\\\/\\\/merdivenfilesi.com\\\/wp-content\\\/uploads\\\/2020\\\/09\\\/IMG-20200927-WA0033.jpg\",\"link\":\"http:\\\/\\\/merdivenfilesi.com\\\/img-20200927-wa0033\\\/\",\"alt\":\"\",\"description\":\"\",\"caption\":\"\",\"mime\":\"image\\\/jpeg\",\"type\":\"image\",\"width\":1600,\"height\":719,\"sizes\":{\"thumbnail\":{\"height\":150,\"width\":150,\"url\":\"http:\\\/\\\/merdivenfilesi.com\\\/wp-content\\\/uploads\\\/2020\\\/09\\\/IMG-20200927-WA0033-150x150.jpg\",\"orientation\":\"landscape\"},\"medium\":{\"height\":135,\"width\":300,\"url\":\"http:\\\/\\\/merdivenfilesi.com\\\/wp-content\\\/uploads\\\/2020\\\/09\\\/IMG-20200927-WA0033-300x135.jpg\",\"orientation\":\"landscape\"},\"large\":{\"height\":460,\"width\":1024,\"url\":\"http:\\\/\\\/merdivenfilesi.com\\\/wp-content\\\/uploads\\\/2020\\\/09\\\/IMG-20200927-WA0033-1024x460.jpg\",\"orientation\":\"landscape\"},\"full\":{\"url\":\"http:\\\/\\\/merdivenfilesi.com\\\/wp-content\\\/uploads\\\/2020\\\/09\\\/IMG-20200927-WA0033.jpg\",\"height\":719,\"width\":1600,\"orientation\":\"landscape\"}},\"meta\":false},{\"id\":453,\"title\":\"IMG-20200927-WA0034\",\"url\":\"http:\\\/\\\/merdivenfilesi.com\\\/wp-content\\\/uploads\\\/2020\\\/09\\\/IMG-20200927-WA0034.jpg\",\"link\":\"http:\\\/\\\/merdivenfilesi.com\\\/img-20200927-wa0034\\\/\",\"alt\":\"\",\"description\":\"\",\"caption\":\"\",\"mime\":\"image\\\/jpeg\",\"type\":\"image\",\"width\":1062,\"height\":1416,\"sizes\":{\"thumbnail\":{\"height\":150,\"width\":150,\"url\":\"http:\\\/\\\/merdivenfilesi.com\\\/wp-content\\\/uploads\\\/2020\\\/09\\\/IMG-20200927-WA0034-150x150.jpg\",\"orientation\":\"landscape\"},\"medium\":{\"height\":300,\"width\":225,\"url\":\"http:\\\/\\\/merdivenfilesi.com\\\/wp-content\\\/uploads\\\/2020\\\/09\\\/IMG-20200927-WA0034-225x300.jpg\",\"orientation\":\"portrait\"},\"large\":{\"height\":1024,\"width\":768,\"url\":\"http:\\\/\\\/merdivenfilesi.com\\\/wp-content\\\/uploads\\\/2020\\\/09\\\/IMG-20200927-WA0034-768x1024.jpg\",\"orientation\":\"portrait\"},\"full\":{\"url\":\"http:\\\/\\\/merdivenfilesi.com\\\/wp-content\\\/uploads\\\/2020\\\/09\\\/IMG-20200927-WA0034.jpg\",\"height\":1416,\"width\":1062,\"orientation\":\"portrait\"}},\"meta\":false}],\"itemsMetaDataCollection\":[],\"tagsListCustomMode\":false,\"galleryTagsList\":[],\"useClobalSettings\":false,\"orderBy\":\"custom\",\"skin\":\"masonry\"}<\/script><script type=\"text\/javascript\">(function(){if(window.PGC_SGB && window.PGC_SGB.searcher){window.PGC_SGB.searcher.initBlocks()}})()<\/script><noscript><div class=\"simply-gallery-amp pgc_sgb_slider \"><div class=\"sgb-gallery\"><div class=\"sgb-item\"><a href=\"http:\/\/merdivenfilesi.com\/wp-content\/uploads\/2021\/03\/Havuz-Koruma-Filesi-2.jpg\"><img alt=\"\" width=\"300\" height=\"135\" loading=\"auto\" data-lazy-src=\"\" class=\"skip-lazy no-lazyload noLazy\" src=\"http:\/\/merdivenfilesi.com\/wp-content\/uploads\/2021\/03\/Havuz-Koruma-Filesi-2-300x135.jpg\"\/><\/a><\/div><div class=\"sgb-item\"><a href=\"http:\/\/merdivenfilesi.com\/wp-content\/uploads\/2021\/03\/Havuz-Koruma-Filesi.jpg\"><img alt=\"\" width=\"300\" height=\"300\" loading=\"auto\" data-lazy-src=\"\" class=\"skip-lazy no-lazyload noLazy\" src=\"http:\/\/merdivenfilesi.com\/wp-content\/uploads\/2021\/03\/Havuz-Koruma-Filesi-300x300.jpg\"\/><\/a><\/div><div class=\"sgb-item\"><a href=\"http:\/\/merdivenfilesi.com\/wp-content\/uploads\/2020\/11\/Havuz-Koruma-Filesi-01.jpeg\"><img alt=\"\" width=\"300\" height=\"225\" loading=\"auto\" data-lazy-src=\"\" class=\"skip-lazy no-lazyload noLazy\" src=\"http:\/\/merdivenfilesi.com\/wp-content\/uploads\/2020\/11\/Havuz-Koruma-Filesi-01-300x225.jpeg\"\/><\/a><\/div><div class=\"sgb-item\"><a href=\"http:\/\/merdivenfilesi.com\/wp-content\/uploads\/2020\/09\/IMG-20200927-WA0035.jpg\"><img alt=\"\" width=\"300\" height=\"225\" loading=\"auto\" data-lazy-src=\"\" class=\"skip-lazy no-lazyload noLazy\" src=\"http:\/\/merdivenfilesi.com\/wp-content\/uploads\/2020\/09\/IMG-20200927-WA0035-300x225.jpg\"\/><\/a><\/div><div class=\"sgb-item\"><a href=\"http:\/\/merdivenfilesi.com\/wp-content\/uploads\/2020\/09\/IMG-20200927-WA0036.jpg\"><img alt=\"\" width=\"300\" height=\"225\" loading=\"auto\" data-lazy-src=\"\" class=\"skip-lazy no-lazyload noLazy\" src=\"http:\/\/merdivenfilesi.com\/wp-content\/uploads\/2020\/09\/IMG-20200927-WA0036-300x225.jpg\"\/><\/a><\/div><div class=\"sgb-item\"><a href=\"http:\/\/merdivenfilesi.com\/wp-content\/uploads\/2020\/09\/IMG-20200927-WA0037.jpg\"><img alt=\"\" width=\"300\" height=\"135\" loading=\"auto\" data-lazy-src=\"\" class=\"skip-lazy no-lazyload noLazy\" src=\"http:\/\/merdivenfilesi.com\/wp-content\/uploads\/2020\/09\/IMG-20200927-WA0037-300x135.jpg\"\/><\/a><\/div><div class=\"sgb-item\"><a href=\"http:\/\/merdivenfilesi.com\/wp-content\/uploads\/2019\/02\/IMG-20190217-WA0009.jpg\"><img alt=\"\" width=\"300\" height=\"225\" loading=\"auto\" data-lazy-src=\"\" class=\"skip-lazy no-lazyload noLazy\" src=\"http:\/\/merdivenfilesi.com\/wp-content\/uploads\/2019\/02\/IMG-20190217-WA0009-300x225.jpg\"\/><\/a><\/div><div class=\"sgb-item\"><a href=\"http:\/\/merdivenfilesi.com\/wp-content\/uploads\/2020\/09\/IMG-20200927-WA0033.jpg\"><img alt=\"\" width=\"300\" height=\"135\" loading=\"auto\" data-lazy-src=\"\" class=\"skip-lazy no-lazyload noLazy\" src=\"http:\/\/merdivenfilesi.com\/wp-content\/uploads\/2020\/09\/IMG-20200927-WA0033-300x135.jpg\"\/><\/a><\/div><div class=\"sgb-item\"><a href=\"http:\/\/merdivenfilesi.com\/wp-content\/uploads\/2020\/09\/IMG-20200927-WA0034.jpg\"><img alt=\"\" width=\"225\" height=\"300\" loading=\"auto\" data-lazy-src=\"\" class=\"skip-lazy no-lazyload noLazy\" src=\"http:\/\/merdivenfilesi.com\/wp-content\/uploads\/2020\/09\/IMG-20200927-WA0034-225x300.jpg\"\/><\/a><\/div><\/div><\/div><\/noscript><div class=\"sgb-preloader\">\n\t<div class=\"sgb-square\" style=\"background:rgba(230,230,230,1)\"><\/div>\n\t<div class=\"sgb-square\" style=\"background:rgba(230,230,230,1)\"><\/div>\n\t<div class=\"sgb-square\" style=\"background:rgba(230,230,230,1)\"><\/div>\n\t<div class=\"sgb-square\" style=\"background:rgba(230,230,230,1)\"><\/div><\/div><\/div>\n\n\n<hr class=\"wp-block-separator\"\/>\n\n\n\n<p><\/p>\n","protected":false},"excerpt":{"rendered":"<p>Havuzlar kullan\u0131lmad\u0131\u011f\u0131 durumlarda suya d\u00fc\u015fme tehlikesini ortadan kald\u0131ran \u00fcst d\u00fczey bir g\u00fcvenlik file \u00e7e\u015fididir.<\/p>\n","protected":false},"author":1,"featured_media":0,"parent":0,"menu_order":0,"comment_status":"closed","ping_status":"closed","template":"","meta":{"pgc_sgb_lightbox_settings":"","spay_email":""},"_links":{"self":[{"href":"https:\/\/merdivenfilesi.com\/index.php\/wp-json\/wp\/v2\/pages\/203"}],"collection":[{"href":"https:\/\/merdivenfilesi.com\/index.php\/wp-json\/wp\/v2\/pages"}],"about":[{"href":"https:\/\/merdivenfilesi.com\/index.php\/wp-json\/wp\/v2\/types\/page"}],"author":[{"embeddable":true,"href":"https:\/\/merdivenfilesi.com\/index.php\/wp-json\/wp\/v2\/users\/1"}],"replies":[{"embeddable":true,"href":"https:\/\/merdivenfilesi.com\/index.php\/wp-json\/wp\/v2\/comments?post=203"}],"version-history":[{"count":5,"href":"https:\/\/merdivenfilesi.com\/index.php\/wp-json\/wp\/v2\/pages\/203\/revisions"}],"predecessor-version":[{"id":745,"href":"https:\/\/merdivenfilesi.com\/index.php\/wp-json\/wp\/v2\/pages\/203\/revisions\/745"}],"wp:attachment":[{"href":"https:\/\/merdivenfilesi.com\/index.php\/wp-json\/wp\/v2\/media?parent=203"}],"curies":[{"name":"wp","href":"https:\/\/api.w.org\/{rel}","templated":true}]}}